5, what is -300 + 24211?
23411
In base 5, what is 1 + -103201201?
-103201200
In base 12, what is -1b5 - 26b?
-464
In base 2, what is 1001 + 1011110101000101?
1011110101001110
In base 4, what is 102101021 - 10?
102101011
In base 9, what is 60838 - 3?
60835
In base 7, what is -32022 + -150?
-32202
In base 5, what is 22020401 + -10?
22020341
In base 13, what is 1c + -4550?
-4531
In base 4, what is -11 - 11222103?
-11222120
In base 4, what is -3 - -313213?
313210
In base 12, what is 3 + -1078?
-1075
In base 7, what is 2112555 - 20?
2112535
In base 5, what is -132214 + 3301?
-123413
In base 11, what is -85048 + -11?
-85059
In base 14, what is 122 + -68?
98
In base 6, what is -2 - 24421533?
-24421535
In base 9, what is -27 - 2?
-30
In base 12, what is 10a61 - -79?
10b1a
In base 13, what is -252852 - -2?
-252850
In base 11, what is 39 + -4082?
-4044
In base 4, what is 3321 - 110020?
-100033
In base 9, what is -118 - 3383?
-3512
In base 8, what is -3 - -610?
605
In base 9, what is -4 - -353786?
353782
In base 14, what is -11a - 141?
-25b
In base 12, what is -10203 - -3?
-10200
In base 7, what is 2 + 3310530?
3310532
In base 5, what is 2 - 333441?
-333434
In base 10, what is -1608 - -105?
-1503
In base 11, what is 9262 - -4?
9266
In base 12, what is 4b30 + 4?
4b34
In base 5, what is 1343 + 242?
2140
In base 14, what is -2c2a + 3?
-2c27
In base 15, what is -4 - -be3?
bde
In base 4, what is 2 + 131332013?
131332021
In base 9, what is -1 - -2173568?
2173567
In base 8, what is 4 - 25051?
-25045
In base 8, what is 103 + -177?
-74
In base 6, what is 32540 + -122?
32414
In base 6, what is 3 - 320215?
-320212
In base 14, what is 1b - -9639?
9656
In base 10, what is -2829 + 79?
-2750
In base 14, what is 5 - 7761?
-775a
In base 8, what is -7624 - -5?
-7617
In base 14, what is 5 + -d93?
-d8c
In base 3, what is 111 - 12002101111?
-12002101000
In base 6, what is 231 + 12?
243
In base 10, what is -386 + -44?
-430
In base 2, what is -1000 + 10110001100000110?
10110001011111110
In base 3, what is -2 + -20212122?
-20212201
In base 7, what is 13044 + -243?
12501
In base 3, what is 1 + -102112202212?
-102112202211
In base 4, what is -2 - 3033310?
-3033312
In base 16, what is -62 + 11d7?
1175
In base 11, what is -6251 + -9?
-625a
In base 3, what is -102222221000220 + -11?
-102222221001001
In base 10, what is 7305 - -66?
7371
In base 11, what is 777 + 792?
1459
In base 4, what is -1 - 1202103112?
-1202103113
In base 10, what is -335 + -3263?
-3598
In base 8, what is 6 - -44675?
44703
In base 2, what is -10110110000111 - 100100?
-10110110101011
In base 10, what is 15 + -810?
-795
In base 15, what is -27a + 300?
75
In base 15, what is 7076 - -2?
7078
In base 2, what is 1010100100011100011101 - -11?
1010100100011100100000
In base 11, what is 4363 + 10?
4373
In base 14, what is -4 - 281418?
-28141c
In base 8, what is -147367 + -60?
-147447
In base 9, what is -2 + 8815?
8813
In base 6, what is 50 + -2223?
-2133
In base 15, what is -6 + -1a868?
-1a86e
In base 3, what is -2210121022 - -100?
-2210120222
In base 3, what is -1202111 + 10112?
-1121222
In base 9, what is 706257 + 5?
706263
In base 11, what is -16a91 - 2?
-16a93
In base 11, what is -107 + 1223?
1117
In base 13, what is -11 + -5453?
-5464
In base 10, what is -40285 + 2?
-40283
In base 6, what is -1 + -1334314?
-1334315
In base 13, what is -1a - -892?
875
In base 12, what is -13559 + -1a?
-13577
In base 13, what is -132 - 70a?
-83c
In base 2, what is 10011001110000 + 10001110?
10011011111110
In base 7, what is 3 - -252002?
252005
In base 2, what is 111 - 1101010011100?
-1101010010101
In base 11, what is -38 + -396?
-423
In base 2, what is -100011101000011001 + -10101?
-100011101000101110
In base 13, what is 930 - -6?
936
In base 16, what is -ba0 - -f?
-b91
In base 6, what is -25453323 + 4?
-25453315
In base 10, what is 8 - -108797?
108805
In base 9, what is 181 + 10604?
10785
In base 10, what is -2 - 15716?
-15718
In base 7, what is -5 + -642460?
-642465
In base 13, what is -1a - aca9?
-acc6
In base 7, what is 0 + 21011?
21011
In base 15, what is 2 + -2e88?
-2e86
In base 11, what is -a + 159?
14a
In base 15, what is 30c0 + 28?
30e8
In base 5, what is 11 - -1140400?
1140411
In base 4, what is -33 - -30301230?
30301131
In base 6, what is -113540 + 32?
-113504
In base 15, what is -8 + -60e3?
-60eb
In base 11, what is -17 - -5117?
5100
In base 10, what is -250 + 211?
-39
In base 3, what is 2000211021 - 0?
2000211021
In base 16, what is -1daf + -1e7?
-1f96
In base 15, what is -3 + -1ad028?
-1ad02b
In base 5, what is -10 + 433240?
433230
In base 3, what is -102121111011 + -2?
-102121111020
In base 16, what is 290 + -30f?
-7f
In base 4, what is 102012 - -212?
102230
In base 12, what is 6 - -126889?
126893
In base 3, what is 21212020022 + -10?
21212020012
In base 4, what is -2 - 113210?
-113212
In base 15, what is -22989d + 2?
-22989b
In base 11, what is 10147 + -41?
10106
In base 9, what is -5 + 63283?
63277
In base 16, what is 5 - -32ed8?
32edd
In base 10, what is -489894 + -3?
-489897
In base 3, what is -100212 + 122101?
21112
In base 3, what is -22002 - -2000?
-20002
In base 4, what is 10 - -31100021?
31100031
In base 7, what is 20 - 240?
-220
In base 13, what is -c6 - -14547?
14451
In base 4, what is -2 - 2221022?
-2221030
In base 7, what is 31 - -11032?
11063
In base 8, what is 0 - -2761?
2761
In base 6, what is 10 + -1130354?
-1130344
In base 2, what is 11101010 + 1110000111?
10001110001
In base 5, what is -1144403 - 10?
-1144413
In base 6, what is -1 + -4140501?
-4140502
In base 9, what is 6 + 106?
113
In base 2, what is -10110100101 - 110?
-10110101011
In base 15, what is 4c69 - -9?
4c73
In base 10, what is 101 - -1462?
1563
In base 11, what is -4 + 3802?
37a9
In base 3, what is -1002112020001 - 10?
-1002112020011
In base 3, what is -1001 - -2222012?
2221011
In base 4, what is 200021 + -223?
133132
In base 7, what is 3 + -240642?
-240636
In base 16, what is -1200 - -c?
-11f4
In base 7, what is -2352 - -10?
-2342
In base 12, what is -375 - -4a9?
134
In base 13, what is 257 - 78?
1ac
In base 3, what is 1001111201200 - -12?
1001111201212
In base 13, what is 5a4204 + -4?
5a4200
In base 13, what is -52 + 916?
894
In base 7, what is 4 - 104063?
-104056
In base 15, what is 600 + 3?
603
In base 4, what is 22200 + 221113?
303313
In base 4, what is 2 - 212210201?
-212210133
In base 5, what is -1344214122 + 0?
-1344214122
In base 4, what is 3 + 2200302201?
2200302210
In base 12, what is -105492 + 7?
-105487
In base 10, what is -16 - -30304?
30288
In base 2, what is -100 + 1001000100001001?
1001000100000101
In base 6, what is 30 - 31405?
-31335
In base 12, what is 4b - -172b?
177a
In base 8, what is 421 + -1315?
-674
In base 16, what is -4 - 1da39?
-1da3d
In base 11, what is 28 + 8375?
83a2
In base 6, what is -555001 - 13?
-555014
In base 3, what is -1220210010 + -1000?
-1220211010
In base 11, what is 3 - -629a?
62a2
In base 16, what is -22 + 754?
732
In base 2, what is 1010101010100010011111 - -10?
1010101010100010100001
In base 15, what is 13 + 4da?
4ed
In base 5, what is 20344 + -44?
20300
In base 4, what is 302110 - -1223?
303333
In base 13, what is 10b3 - -92?
1175
In base 3, what is 10 - 1210122221?
-1210122211
In base 15, what is 4 + e95c?
e961
In base 14, what is -125 + -d17?
-103c
In base 13, what is -2b21 + -130?
-2c51
In base 7, what is 1164 - 25?
1136
In base 7, what is 252 - -1153?
1435
In base 2, what is -1010101 + 1100?
-1001001
In base 9, what is -3 + -285335?
-285338
In base 12, what is -16 + -62b0?
-6306
In base 8, what is 15 - 2561?
-2544
In base 11, what is 32 + -12a81?
-12a4a
In base 6, what is -13443 - 20?
-13503
In base 16, what is -6 + 1e9b?
1e95
In base 6, what is -4 + -414145?
-414153
In base 16, what is 10 + -147c5?
-147b5
In base 12, what is -5 + 11ba?
11b5
In base 8, what is -14351 - 45?
-14416
In base 3, what is -101211 - 1001221?
-1110202
In base 5, what is -100310 - -4223?
-41032
In base 5, what is 32 + -11232?
-11200
In base 16, what is 31 + -2d4?
-2a3
In base 16, what is 6a - -b68?
bd2
In base 15, what is 18b8 + 12?
18ca
In base 7, what is -421221 + 113?
-421105
In base 9, what is -2277 + 815?
-1362
In base 10, what is -393336 - -5?
-393331
In base 15, what is -3c2 + -25?
-3e7
In base 10, what